{"id":2935,"date":"2025-11-28T15:01:46","date_gmt":"2025-11-28T12:01:46","guid":{"rendered":"https:\/\/ikamid.org\/?page_id=2935"},"modified":"2025-11-28T15:14:26","modified_gmt":"2025-11-28T12:14:26","slug":"yonetici-insan","status":"publish","type":"page","link":"https:\/\/ikamid.org\/?page_id=2935","title":{"rendered":"Y\u00f6netici \u0130nsan"},"content":{"rendered":"<hr \/>\n<p><span style=\"font-weight: 400;\">2015 y\u0131l\u0131nda i\u015fe al\u0131m ve yetenek kazan\u0131m\u0131 alanlar\u0131nda faaliyetlerine ba\u015flayan Y\u00f6netici \u0130nsan Dan\u0131\u015fmanl\u0131k Hizmetleri\u2019nin ilkesi, toplumda f\u0131rsat e\u015fitli\u011fini sa\u011flamak ve istihdam s\u00fcre\u00e7lerinde her zaman do\u011fru yetene\u011fin uygun konumda g\u00f6rev almas\u0131 i\u00e7in \u00e7al\u0131\u015fmalar y\u00fcr\u00fctmektir. \u201cDo\u011fru \u0130nsan, Do\u011fru \u0130\u015f\u201d temeliyle \u015firket ve adaylar\u0131 ortak paydalarda bulu\u015fturan ve onlara her zaman eri\u015filebilir, kolayla\u015ft\u0131r\u0131lm\u0131\u015f bir hizmet sunar. \u0130\u015fe Al\u0131m Dan\u0131\u015fmanl\u0131\u011f\u0131 hizmeti veren firmam\u0131z; \u015firketlerin ihtiya\u00e7 duydu\u011fu en kritik pozisyonlarda nokta at\u0131\u015f\u0131 adaylar\u0131 en h\u0131zl\u0131 \u015fekilde sunar ve s\u00fcreci eksiksiz ilerletir.<\/span><\/p>\n<p><img fetchpriority=\"high\" decoding=\"async\" class=\"aligncenter wp-image-2936 size-full\" src=\"https:\/\/ikamid.org\/wp-content\/uploads\/2025\/11\/YI\u0307K-I\u0307KAMI\u0307D.png\" alt=\"\" width=\"1920\" height=\"1080\" srcset=\"https:\/\/ikamid.org\/wp-content\/uploads\/2025\/11\/YI\u0307K-I\u0307KAMI\u0307D.png 1920w, https:\/\/ikamid.org\/wp-content\/uploads\/2025\/11\/YI\u0307K-I\u0307KAMI\u0307D-300x169.png 300w, https:\/\/ikamid.org\/wp-content\/uploads\/2025\/11\/YI\u0307K-I\u0307KAMI\u0307D-1024x576.png 1024w, https:\/\/ikamid.org\/wp-content\/uploads\/2025\/11\/YI\u0307K-I\u0307KAMI\u0307D-768x432.png 768w, https:\/\/ikamid.org\/wp-content\/uploads\/2025\/11\/YI\u0307K-I\u0307KAMI\u0307D-1536x864.png 1536w\" sizes=\"(max-width: 1920px) 100vw, 1920px\" \/><\/p>\n","protected":false},"excerpt":{"rendered":"<p>2015 y\u0131l\u0131nda i\u015fe al\u0131m ve yetenek kazan\u0131m\u0131 alanlar\u0131nda faaliyetlerine ba\u015flayan Y\u00f6netici \u0130nsan Dan\u0131\u015fmanl\u0131k Hizmetleri\u2019nin ilkesi, toplumda f\u0131rsat e\u015fitli\u011fini sa\u011flamak ve istihdam s\u00fcre\u00e7lerinde her zaman do\u011fru yetene\u011fin uygun konumda g\u00f6rev almas\u0131 i\u00e7in \u00e7al\u0131\u015fmalar y\u00fcr\u00fctmektir. \u201cDo\u011fru \u0130nsan, Do\u011fru \u0130\u015f\u201d temeliyle \u015firket ve adaylar\u0131 ortak paydalarda bulu\u015fturan ve onlara her zaman eri\u015filebilir, kolayla\u015ft\u0131r\u0131lm\u0131\u015f bir hizmet sunar. \u0130\u015fe Al\u0131m [&hellip;]<\/p>\n","protected":false},"author":1,"featured_media":0,"parent":0,"menu_order":0,"comment_status":"closed","ping_status":"closed","template":"","meta":{"footnotes":""},"class_list":["post-2935","page","type-page","status-publish","hentry"],"_links":{"self":[{"href":"https:\/\/ikamid.org\/index.php?rest_route=\/wp\/v2\/pages\/2935","targetHints":{"allow":["GET"]}}],"collection":[{"href":"https:\/\/ikamid.org\/index.php?rest_route=\/wp\/v2\/pages"}],"about":[{"href":"https:\/\/ikamid.org\/index.php?rest_route=\/wp\/v2\/types\/page"}],"author":[{"embeddable":true,"href":"https:\/\/ikamid.org\/index.php?rest_route=\/wp\/v2\/users\/1"}],"replies":[{"embeddable":true,"href":"https:\/\/ikamid.org\/index.php?rest_route=%2Fwp%2Fv2%2Fcomments&post=2935"}],"version-history":[{"count":2,"href":"https:\/\/ikamid.org\/index.php?rest_route=\/wp\/v2\/pages\/2935\/revisions"}],"predecessor-version":[{"id":2947,"href":"https:\/\/ikamid.org\/index.php?rest_route=\/wp\/v2\/pages\/2935\/revisions\/2947"}],"wp:attachment":[{"href":"https:\/\/ikamid.org\/index.php?rest_route=%2Fwp%2Fv2%2Fmedia&parent=2935"}],"curies":[{"name":"wp","href":"https:\/\/api.w.org\/{rel}","templated":true}]}}