{"id":1466,"date":"2024-10-22T14:25:33","date_gmt":"2024-10-22T11:25:33","guid":{"rendered":"https:\/\/ikamid.org\/?page_id=1466"},"modified":"2024-10-22T14:27:43","modified_gmt":"2024-10-22T11:27:43","slug":"blog","status":"publish","type":"page","link":"https:\/\/ikamid.org\/?page_id=1466","title":{"rendered":"Blog"},"content":{"rendered":"\t\t<div data-elementor-type=\"wp-page\" data-elementor-id=\"1466\" class=\"elementor elementor-1466\" data-elementor-post-type=\"page\">\n\t\t\t\t\t\t<section class=\"elementor-section elementor-top-section elementor-element elementor-element-1c429864 elementor-section-full_width elementor-section-height-default elementor-section-height-default\" data-id=\"1c429864\" data-element_type=\"section\" data-e-type=\"section\">\n\t\t\t\t\t\t<div class=\"elementor-container elementor-column-gap-no\">\n\t\t\t\t\t<div class=\"elementor-column elementor-col-100 elementor-top-column elementor-element elementor-element-62e7ed1f\" data-id=\"62e7ed1f\" data-element_type=\"column\" data-e-type=\"column\">\n\t\t\t<div class=\"elementor-widget-wrap elementor-element-populated\">\n\t\t\t\t\t\t<div class=\"elementor-element elementor-element-740ad6b1 elementor-align-center elementor-widget elementor-widget-bdevs-header\" data-id=\"740ad6b1\" data-element_type=\"widget\" data-e-type=\"widget\" data-widget_type=\"bdevs-header.default\">\n\t\t\t\t<div class=\"elementor-widget-container\">\n\t\t\t\t\t\t\t\n\n\t\t<section class=\"page-title-section\">\n\t\t\t<div class=\"container\">\n\t\t\t\t<div class=\"row\">\n\t\t\t\t\t<div class=\"col-xl-12 text-center\">\n\t\t\t\t\t\t\t\t\t\t\t\t<h2 class=\"text-uppercase text-white mrb-10\">Blog<\/h2>\n\t\t\t\t\t\t\t\t\t\t\t\t<ul class=\"mb-0 justify-content-center\">\n\t\t\t\t\t\t\t\t\t\t\t\t\t\t<li class=\"breadcrumb-item\"><a href=\"https:\/\/ikamid.org\/\" class=\"text-white\">Anasayfa<\/a><\/li>\n\t\t\t\t\t\t\t\t\t\t\t\t\t\t\t\t\t\t\t\t\t<li class=\"breadcrumb-item text-primary-color\">Blog<\/li>\n\t\t\t\t\t\t\t\t\t\t\t\t\t<\/ul>\n\t\t\t\t\t<\/div>\n\t\t\t\t<\/div>\n\t\t\t<\/div>\n\t\t<\/section>\n\t\t\t\t\t<\/div>\n\t\t\t\t<\/div>\n\t\t\t\t\t<\/div>\n\t\t<\/div>\n\t\t\t\t\t<\/div>\n\t\t<\/section>\n\t\t\t\t<section class=\"elementor-section elementor-top-section elementor-element elementor-element-2f13a194 elementor-section-boxed elementor-section-height-default elementor-section-height-default\" data-id=\"2f13a194\" data-element_type=\"section\" data-e-type=\"section\">\n\t\t\t\t\t\t<div class=\"elementor-container elementor-column-gap-default\">\n\t\t\t\t\t<div class=\"elementor-column elementor-col-100 elementor-top-column elementor-element elementor-element-46d2ed11\" data-id=\"46d2ed11\" data-element_type=\"column\" data-e-type=\"column\">\n\t\t\t<div class=\"elementor-widget-wrap elementor-element-populated\">\n\t\t\t\t\t\t<div class=\"elementor-element elementor-element-58c3ad4b elementor-widget elementor-widget-upk-alice-grid\" data-id=\"58c3ad4b\" data-element_type=\"widget\" data-e-type=\"widget\" data-widget_type=\"upk-alice-grid.default\">\n\t\t\t\t<div class=\"elementor-widget-container\">\n\t\t\t\t\t\t\t<div class=\"upk-alice-grid\">\n\t\t\t<div class=\"upk-alice-wrap upk-content-bottom-center upk-style-1\">\n\t\t\t\t\t\t\t\t\t\t<div class=\"upk-item\">\n\t\t\t<div class=\"upk-item-box\">\n\t\t\t\t<div class=\"upk-img-wrap\">\n\t\t\t\t\t\t\t<img decoding=\"async\" class=\"upk-img\" src=\"https:\/\/ikamid.org\/wp-content\/uploads\/2025\/02\/ikamid-blog-ugur-300x169.jpg\" alt=\"T\u00fcrkiye \u0130statistik Kurumu&#8217;nun (T\u00dc\u0130K) T\u00fcrkiye&#8217;de 2024 y\u0131l\u0131n\u0131n son \u00e7eyre\u011finde bir \u00f6nceki d\u00f6nemin verileri ile k\u0131yasland\u0131\u011f\u0131nda i\u015fsiz say\u0131s\u0131nda art\u0131\u015f oldu\u011funu belirtti. Erman Kavlak, konu ile ilgili T\u00fcrkiye Today&#8217;e konu\u015ftu.\">\n\t\t\t\t\t\t<\/div>\n\t\t\t\t\t\t<div class=\"upk-category\">\n\t\t\t<a href=\"https:\/\/ikamid.org\/?cat=55\">Blog<\/a>\t\t<\/div>\n\t\t\t\t\t\t<div class=\"upk-content\">\n\t\t\t\t\t\t\t<h3 class=\"upk-title\">\n\t\t\t<a href=\"https:\/\/ikamid.org\/?p=2320\" class=\"title-animation-underline\" title=\"T\u00fcrkiye \u0130statistik Kurumu&#8217;nun (T\u00dc\u0130K) T\u00fcrkiye&#8217;de 2024 y\u0131l\u0131n\u0131n son \u00e7eyre\u011finde bir \u00f6nceki d\u00f6nemin verileri ile k\u0131yasland\u0131\u011f\u0131nda i\u015fsiz say\u0131s\u0131nda art\u0131\u015f oldu\u011funu belirtti. Erman Kavlak, konu ile ilgili T\u00fcrkiye Today&#8217;e konu\u015ftu.\">\n\t\t\t\tT\u00fcrkiye \u0130statistik Kurumu&#8217;nun (T\u00dc\u0130K) T\u00fcrkiye&#8217;de 2024 y\u0131l\u0131n\u0131n son \u00e7eyre\u011finde bir \u00f6nceki d\u00f6nemin verileri ile k\u0131yasland\u0131\u011f\u0131nda i\u015fsiz say\u0131s\u0131nda art\u0131\u015f oldu\u011funu belirtti. Erman Kavlak, konu ile ilgili T\u00fcrkiye Today&#8217;e konu\u015ftu.\t\t\t<\/a>\n\t\t<\/h3>\n\t\t\t\t\t\t\t<div class=\"upk-meta\">\n\t\t\t\t\t\t\n\t\t<div class=\"upk-author\">\n\t\t\t<span>by<\/span>\n\t\t\t<a href=\"https:\/\/ikamid.org\/?author=3\">\n\t\t\t\tugrttr\t\t\t<\/a>\n\t\t<\/div>\n\n\t\t\t\t\t\t\t\t\t\t<div class=\"upk-date\">\n\t\t\t20 \u015eubat 2025\t\t<\/div>\n\t\t\n\t\t\t\t\t\t\t\t\t<\/div>\n\t\t\t\t<\/div>\n\t\t\t<\/div>\n\t\t<\/div>\n\t\t\t\t\t\t\t\t\t\t\t\t<div class=\"upk-item\">\n\t\t\t<div class=\"upk-item-box\">\n\t\t\t\t<div class=\"upk-img-wrap\">\n\t\t\t\t\t\t\t<img decoding=\"async\" class=\"upk-img\" src=\"https:\/\/ikamid.org\/wp-content\/uploads\/2024\/12\/C\u0327alis\u0327an-Maliyetlerini-Yo\u0308netmenin-Adimlari-300x169.jpg\" alt=\"\u00c7al\u0131\u015fan Maliyetlerini Y\u00f6netmenin Ad\u0131mlar\u0131\">\n\t\t\t\t\t\t<\/div>\n\t\t\t\t\t\t<div class=\"upk-category\">\n\t\t\t<a href=\"https:\/\/ikamid.org\/?cat=55\">Blog<\/a>\t\t<\/div>\n\t\t\t\t\t\t<div class=\"upk-content\">\n\t\t\t\t\t\t\t<h3 class=\"upk-title\">\n\t\t\t<a href=\"https:\/\/ikamid.org\/?p=1800\" class=\"title-animation-underline\" title=\"\u00c7al\u0131\u015fan Maliyetlerini Y\u00f6netmenin Ad\u0131mlar\u0131\">\n\t\t\t\t\u00c7al\u0131\u015fan Maliyetlerini Y\u00f6netmenin Ad\u0131mlar\u0131\t\t\t<\/a>\n\t\t<\/h3>\n\t\t\t\t\t\t\t<div class=\"upk-meta\">\n\t\t\t\t\t\t\n\t\t<div class=\"upk-author\">\n\t\t\t<span>by<\/span>\n\t\t\t<a href=\"https:\/\/ikamid.org\/?author=3\">\n\t\t\t\tugrttr\t\t\t<\/a>\n\t\t<\/div>\n\n\t\t\t\t\t\t\t\t\t\t<div class=\"upk-date\">\n\t\t\t10 Aral\u0131k 2024\t\t<\/div>\n\t\t\n\t\t\t\t\t\t\t\t\t<\/div>\n\t\t\t\t<\/div>\n\t\t\t<\/div>\n\t\t<\/div>\n\t\t\t\t\t\t\t\t\t\t\t\t<div class=\"upk-item\">\n\t\t\t<div class=\"upk-item-box\">\n\t\t\t\t<div class=\"upk-img-wrap\">\n\t\t\t\t\t\t\t<img decoding=\"async\" class=\"upk-img\" src=\"https:\/\/ikamid.org\/wp-content\/uploads\/2024\/12\/Etkin-ve-Verimli-Bir-Oryantasyon-Programi-300x169.jpg\" alt=\"Etkin ve Verimli Bir Oryantasyon Program\u0131\">\n\t\t\t\t\t\t<\/div>\n\t\t\t\t\t\t<div class=\"upk-category\">\n\t\t\t<a href=\"https:\/\/ikamid.org\/?cat=55\">Blog<\/a>\t\t<\/div>\n\t\t\t\t\t\t<div class=\"upk-content\">\n\t\t\t\t\t\t\t<h3 class=\"upk-title\">\n\t\t\t<a href=\"https:\/\/ikamid.org\/?p=1790\" class=\"title-animation-underline\" title=\"Etkin ve Verimli Bir Oryantasyon Program\u0131\">\n\t\t\t\tEtkin ve Verimli Bir Oryantasyon Program\u0131\t\t\t<\/a>\n\t\t<\/h3>\n\t\t\t\t\t\t\t<div class=\"upk-meta\">\n\t\t\t\t\t\t\n\t\t<div class=\"upk-author\">\n\t\t\t<span>by<\/span>\n\t\t\t<a href=\"https:\/\/ikamid.org\/?author=3\">\n\t\t\t\tugrttr\t\t\t<\/a>\n\t\t<\/div>\n\n\t\t\t\t\t\t\t\t\t\t<div class=\"upk-date\">\n\t\t\t10 Aral\u0131k 2024\t\t<\/div>\n\t\t\n\t\t\t\t\t\t\t\t\t<\/div>\n\t\t\t\t<\/div>\n\t\t\t<\/div>\n\t\t<\/div>\n\t\t\t\t\t\t\t\t\t\t\t\t<div class=\"upk-item\">\n\t\t\t<div class=\"upk-item-box\">\n\t\t\t\t<div class=\"upk-img-wrap\">\n\t\t\t\t\t\t\t<img decoding=\"async\" class=\"upk-img\" src=\"https:\/\/ikamid.org\/wp-content\/uploads\/2024\/12\/I\u0307S\u0327E-ALIM-NOKSANLIG\u0306I-VE-DOMI\u0307NO-ETKI\u0307SI\u0307-ERMAN-KAVLAK-300x169.jpg\" alt=\"\u0130\u015fe Al\u0131m Noksanl\u0131\u011f\u0131 ve Domino Etkisi\">\n\t\t\t\t\t\t<\/div>\n\t\t\t\t\t\t<div class=\"upk-category\">\n\t\t\t<a href=\"https:\/\/ikamid.org\/?cat=55\">Blog<\/a>\t\t<\/div>\n\t\t\t\t\t\t<div class=\"upk-content\">\n\t\t\t\t\t\t\t<h3 class=\"upk-title\">\n\t\t\t<a href=\"https:\/\/ikamid.org\/?p=1786\" class=\"title-animation-underline\" title=\"\u0130\u015fe Al\u0131m Noksanl\u0131\u011f\u0131 ve Domino Etkisi\">\n\t\t\t\t\u0130\u015fe Al\u0131m Noksanl\u0131\u011f\u0131 ve Domino Etkisi\t\t\t<\/a>\n\t\t<\/h3>\n\t\t\t\t\t\t\t<div class=\"upk-meta\">\n\t\t\t\t\t\t\n\t\t<div class=\"upk-author\">\n\t\t\t<span>by<\/span>\n\t\t\t<a href=\"https:\/\/ikamid.org\/?author=3\">\n\t\t\t\tugrttr\t\t\t<\/a>\n\t\t<\/div>\n\n\t\t\t\t\t\t\t\t\t\t<div class=\"upk-date\">\n\t\t\t10 Aral\u0131k 2024\t\t<\/div>\n\t\t\n\t\t\t\t\t\t\t\t\t<\/div>\n\t\t\t\t<\/div>\n\t\t\t<\/div>\n\t\t<\/div>\n\t\t\t\t\t\t\t\t\t\t\t\t<div class=\"upk-item\">\n\t\t\t<div class=\"upk-item-box\">\n\t\t\t\t<div class=\"upk-img-wrap\">\n\t\t\t\t\t\t\t<img decoding=\"async\" class=\"upk-img\" src=\"https:\/\/ikamid.org\/wp-content\/uploads\/2019\/12\/mindful-calm-young-woman-taking-break-office-meditation-scaled.jpg\" alt=\"Sosyolojik, Psikolojik, \u0130leti\u015fimsel Boyutlar\u0131 ile Karantina G\u00fcnleri\">\n\t\t\t\t\t\t<\/div>\n\t\t\t\t\t\t<div class=\"upk-category\">\n\t\t\t<a href=\"https:\/\/ikamid.org\/?cat=55\">Blog<\/a>\t\t<\/div>\n\t\t\t\t\t\t<div class=\"upk-content\">\n\t\t\t\t\t\t\t<h3 class=\"upk-title\">\n\t\t\t<a href=\"https:\/\/ikamid.org\/?p=30\" class=\"title-animation-underline\" title=\"Sosyolojik, Psikolojik, \u0130leti\u015fimsel Boyutlar\u0131 ile Karantina G\u00fcnleri\">\n\t\t\t\tSosyolojik, Psikolojik, \u0130leti\u015fimsel Boyutlar\u0131 ile Karantina G\u00fcnleri\t\t\t<\/a>\n\t\t<\/h3>\n\t\t\t\t\t\t\t<div class=\"upk-meta\">\n\t\t\t\t\t\t\n\t\t<div class=\"upk-author\">\n\t\t\t<span>by<\/span>\n\t\t\t<a href=\"https:\/\/ikamid.org\/?author=1\">\n\t\t\t\tikamid\t\t\t<\/a>\n\t\t<\/div>\n\n\t\t\t\t\t\t\t\t\t\t<div class=\"upk-date\">\n\t\t\t24 Aral\u0131k 2019\t\t<\/div>\n\t\t\n\t\t\t\t\t\t\t\t\t<\/div>\n\t\t\t\t<\/div>\n\t\t\t<\/div>\n\t\t<\/div>\n\t\t\t\t\t\t\t\t\t\t\t\t<div class=\"upk-item\">\n\t\t\t<div class=\"upk-item-box\">\n\t\t\t\t<div class=\"upk-img-wrap\">\n\t\t\t\t\t\t\t<img decoding=\"async\" class=\"upk-img\" src=\"https:\/\/ikamid.org\/wp-content\/uploads\/2019\/12\/smiling-woman-pink-shirt-sitting-relaxed-sofa-home-table-working-online-laptop-from-home-scaled.jpg\" alt=\"Evden \u00c7al\u0131\u015fma G\u00fcnleri\">\n\t\t\t\t\t\t<\/div>\n\t\t\t\t\t\t<div class=\"upk-category\">\n\t\t\t<a href=\"https:\/\/ikamid.org\/?cat=55\">Blog<\/a>\t\t<\/div>\n\t\t\t\t\t\t<div class=\"upk-content\">\n\t\t\t\t\t\t\t<h3 class=\"upk-title\">\n\t\t\t<a href=\"https:\/\/ikamid.org\/?p=17\" class=\"title-animation-underline\" title=\"Evden \u00c7al\u0131\u015fma G\u00fcnleri\">\n\t\t\t\tEvden \u00c7al\u0131\u015fma G\u00fcnleri\t\t\t<\/a>\n\t\t<\/h3>\n\t\t\t\t\t\t\t<div class=\"upk-meta\">\n\t\t\t\t\t\t\n\t\t<div class=\"upk-author\">\n\t\t\t<span>by<\/span>\n\t\t\t<a href=\"https:\/\/ikamid.org\/?author=1\">\n\t\t\t\tikamid\t\t\t<\/a>\n\t\t<\/div>\n\n\t\t\t\t\t\t\t\t\t\t<div class=\"upk-date\">\n\t\t\t24 Aral\u0131k 2019\t\t<\/div>\n\t\t\n\t\t\t\t\t\t\t\t\t<\/div>\n\t\t\t\t<\/div>\n\t\t\t<\/div>\n\t\t<\/div>\n\t\t\t\t\t\t\t\t\t<\/div>\n\t\t<\/div>\n\n\t\t\t\t\t\t<\/div>\n\t\t\t\t<\/div>\n\t\t\t\t\t<\/div>\n\t\t<\/div>\n\t\t\t\t\t<\/div>\n\t\t<\/section>\n\t\t\t\t<\/div>\n\t\t","protected":false},"excerpt":{"rendered":"<p>Blog Anasayfa Blog Blog Sosyolojik, Psikolojik, \u0130leti\u015fimsel Boyutlar\u0131 ile Karantina G\u00fcnleri by ikamid 24 Aral\u0131k 2019 Blog Evden \u00c7al\u0131\u015fma G\u00fcnleri by ikamid 24 Aral\u0131k 2019<\/p>\n","protected":false},"author":1,"featured_media":0,"parent":0,"menu_order":0,"comment_status":"closed","ping_status":"closed","template":"page-templates\/home2.php","meta":{"footnotes":""},"class_list":["post-1466","page","type-page","status-publish","hentry"],"_links":{"self":[{"href":"https:\/\/ikamid.org\/index.php?rest_route=\/wp\/v2\/pages\/1466","targetHints":{"allow":["GET"]}}],"collection":[{"href":"https:\/\/ikamid.org\/index.php?rest_route=\/wp\/v2\/pages"}],"about":[{"href":"https:\/\/ikamid.org\/index.php?rest_route=\/wp\/v2\/types\/page"}],"author":[{"embeddable":true,"href":"https:\/\/ikamid.org\/index.php?rest_route=\/wp\/v2\/users\/1"}],"replies":[{"embeddable":true,"href":"https:\/\/ikamid.org\/index.php?rest_route=%2Fwp%2Fv2%2Fcomments&post=1466"}],"version-history":[{"count":5,"href":"https:\/\/ikamid.org\/index.php?rest_route=\/wp\/v2\/pages\/1466\/revisions"}],"predecessor-version":[{"id":1472,"href":"https:\/\/ikamid.org\/index.php?rest_route=\/wp\/v2\/pages\/1466\/revisions\/1472"}],"wp:attachment":[{"href":"https:\/\/ikamid.org\/index.php?rest_route=%2Fwp%2Fv2%2Fmedia&parent=1466"}],"curies":[{"name":"wp","href":"https:\/\/api.w.org\/{rel}","templated":true}]}}